umber?
False
Is 141370517269 prime?
False
Is 9656401045 a prime number?
False
Is 632495809 composite?
True
Is 286923523 prime?
True
Is 415578461 prime?
True
Is 2646503557 composite?
False
Is 6439815807 a prime number?
False
Is 2146812973 prime?
True
Is 4969360849 a prime number?
True
Is 48390907241 composite?
False
Is 15090644993 a prime number?
True
Is 57533559253 a composite number?
False
Is 15843844103 composite?
True
Is 48020943739 composite?
False
Is 400445743 a prime number?
True
Is 1472480957 a prime number?
True
Is 698484851 composite?
True
Is 2341930439 composite?
False
Is 287809007 a composite number?
False
Is 79105829087 prime?
True
Is 4376347393 a composite number?
True
Is 7204710563 a prime number?
True
Is 18615036445 a prime number?
False
Is 1228990199 a prime number?
True
Is 285729015757 a composite number?
True
Is 1938008959 composite?
True
Is 18564550859 a composite number?
False
Is 1757420809 a composite number?
False
Is 52823993549 a prime number?
True
Is 16177979159 a prime number?
True
Is 16791026107 composite?
True
Is 5199236573 composite?
True
Is 17989589623 prime?
True
Is 15579746801 a prime number?
True
Is 24692663 a composite number?
False
Is 18936828067 a prime number?
True
Is 4952430397 prime?
True
Is 220947731 a composite number?
True
Is 362710003 composite?
True
Is 44620825427 a composite number?
False
Is 6797654183 prime?
False
Is 9982052537 composite?
True
Is 7201483789 composite?
True
Is 2684996807 a prime number?
False
Is 23141076313 composite?
True
Is 14719535807 a prime number?
True
Is 32518778203 a composite number?
True
Is 233357907 a composite number?
True
Is 63493751 a composite number?
True
Is 6288453707 a prime number?
True
Is 384091417 composite?
False
Is 133901939 prime?
True
Is 5333687747 a composite number?
True
Is 1038422261 prime?
True
Is 22191404159 prime?
False
Is 29736840979 a composite number?
False
Is 12130513261 prime?
True
Is 1495793801 a composite number?
False
Is 9566359199 a prime number?
False
Is 14341761593 a prime number?
True
Is 3757528451 prime?
False
Is 3352414361 a prime number?
True
Is 3956790289 prime?
True
Is 33578854501 prime?
True
Is 94263791519 a composite number?
False
Is 406087807 a composite number?
False
Is 14277898 composite?
True
Is 48241332421 a prime number?
False
Is 55203646469 a composite number?
False
Is 106952172059 prime?
False
Is 1111764277 a composite number?
True
Is 4947857909 a prime number?
False
Is 3020654209 prime?
True
Is 38186786819 a prime number?
False
Is 176583133 a prime number?
True
Is 43671952645 a composite number?
True
Is 1263687463 prime?
True
Is 18906364199 a prime number?
True
Is 16554208943 prime?
False
Is 609050509 a prime number?
False
Is 1870450202 prime?
False
Is 118972541593 a composite number?
False
Is 2572531 prime?
False
Is 3313656523 a composite number?
True
Is 18447895603 prime?
True
Is 1832213239 composite?
True
Is 23055209771 prime?
False
Is 409741121 a composite number?
True
Is 2338700933 prime?
True
Is 215966479 composite?
False
Is 3165386867 a composite number?
False
Is 1151709513 prime?
False
Is 1400266811 a prime number?
False
Is 3191975291 a composite number?
True
Is 7402178741 a composite number?
False
Is 5508835583 composite?
False
Is 8173708339 prime?
False
Is 41194851221 composite?
False
Is 2180839289 prime?
True
Is 819196241 a prime number?
True
Is 96539837 a prime number?
True
Is 110435730757 a prime number?
False
Is 18441954697 composite?
False
Is 3263274779 a composite number?
True
Is 74504658427 a prime number?
True
Is 62028199199 prime?
True
Is 32425353739 prime?
True
Is 2653766273 a prime number?
True
Is 68357507401 a prime number?
True
Is 98519818699 a composite number?
False
Is 17037919981 composite?
False
Is 916984141 prime?
False
Is 5835868463 composite?
False
Is 4922898941 composite?
False
Is 363589511 prime?
True
Is 1364333471 prime?
False
Is 163359190321 a prime number?
False
Is 1034015513 a composite number?
False
Is 41675856253 prime?
True
Is 156700457723 composite?
True
Is 8753611249 a prime number?
True
Is 263655263 a composite number?
False
Is 33457405609 a composite number?
False
Is 7175772677 a prime number?
True
Is 160687049 composite?
False
Is 563262451 prime?
False
Is 1770508499 composite?
False
Is 111070559 prime?
False
Is 5636105305 prime?
False
Is 59305739137 composite?
False
Is 124061671655 prime?
False
Is 7501350655 a prime number?
False
Is 14423915059 prime?
False
Is 1045794923 composite?
False
Is 13319354989 a prime number?
True
Is 141517041 a composite number?
True
Is 5617503611 a composite number?
True
Is 2414695271 a prime number?
True
Is 5054647891 a composite number?
False
Is 290667907 composite?
True
Is 2703943873 a composite number?
False
Is 3822899777 a prime number?
True
Is 7467534589 prime?
False
Is 10433373191 a prime number?
True
Is 8333091089 prime?
True
Is 879810233 a prime number?
True
Is 55515751891 a composite number?
False
Is 63721547017 composite?
False
Is 6766932026 prime?
False
Is 100345265157 prime?
False
Is 200557525243 a prime number?
True
Is 15429982369 a prime number?
False
Is 5434350931 prime?
False
Is 3631039123 a composite number?
True
Is 12451601953 prime?
False
Is 282466069 prime?
True
Is 647498143 composite?
True
Is 8661309857 prime?
False
Is 1774463683 composite?
False
Is 6277350943 prime?
False
Is 1077701243 a prime number?
False
Is 7855096051 prime?
False
Is 4297515671 a prime number?
False
Is 342214557 a prime number?
False
Is 6027355297 prime?
False
Is 4215641855 composite?
True
Is 71301932983 prime?
False
Is 658958231 prime?
True
Is 1682769047 a prime number?
False
Is 2538908677 a composite number?
False
Is 109633250183 a prime number?
True
Is 913668293 composite?
False
Is 4950078137 a composite number?
False
Is 88430971 a prime number?
True
Is 3369970069 composite?
True
Is 8762086033 a prime number?
True
Is 42166237051 prime?
True
Is 2702668931 a prime number?
True
Is 13007298323 a composite number?
True
Is 293387483 composite?
False
Is 1200917 prime?
True
Is 6745422491 composite?
False
Is 3150442729 a prime number?
False
Is 16419914263 prime?
False
Is 9468528985 prime?
False
Is 460667173 a composite number?
True
Is 18197216071 composite?
False
Is 1799181001 composite?
True
Is 58938816581 composite?
False
Is 2139204083 composite?
False
Is 2377227751 a prime number?
False
Is 89724589531 a prime number?
True
Is 170142659 prime?
True
Is 2019848837 a composite number?
True
Is 60783264209 composite?
True
Is 20786019757 composite?
False
Is 10564519663 a prime number?
False
Is 1638177571 composite?
False
Is 993838673 composite?
True
Is 543659513 prime?
False
Is 42660621298 composite?
True
Is 1479771109 composite?
False
Is 620075669 prime?
True
Is 9923712571 a prime number?
False
Is 139467689 composite?
True
Is 261915377 a composite number?
False
Is 12580435949 a prime number?
True
Is 12320805767 prime?
True
Is 5854385854 prime?
False
Is 21327013067 a prime number?
True
Is 17697439 composite?
True
Is 2002424861 composite?
False
Is 990036847 a composite number?
False
Is 1433128111 a composite number?
True
Is 45570417059 composite?
False
Is 18685399 a prime number?
True
Is 84531287753 a prime number?
False
Is 1763005571 prime?
False
Is 473333821 composite?
True
Is 35122267 prime?
False
Is 89939118077 a composite number?
False
Is 491846959 prime?
True
Is 868689179 a prime number?
False
Is 285463897 a composite number?
True
Is 56871271 composite?
True
Is 273504169 prime?
False
Is 2124785041 composite?
False
Is 1753750819 composite?
True
Is 3422636731 prime?
True
Is 1464518243 a composite number?
False
Is 1810570933 a composite number?
True
Is 72677187119 composite?
False
Is 1699758211 prime?
True
Is 5894782733 a composite number?
True
Is 315229295 a composite number?
True
Is 563127689 composite?
True
Is 142438861 a composite number?
True
Is 229927067 composite?
True
Is 2431021 composite?
True
Is 4330539937 a composite number?
True
Is 2924004817 prime?
True
Is 4477188059 a composite number?
True
Is 12898280585 composite?
True
Is 62955013 a composite number?
True
Is 80990385881 prime?
False
Is 1181218723 a prime number?
False
Is 320397205 a composite number?
True
Is 139061881333 prime?
False
Is 11989684187 a composite number?
True
Is 32675514181 prime?
True
I